{"id":22,"date":"2023-03-23T16:03:50","date_gmt":"2023-03-23T16:03:50","guid":{"rendered":"https:\/\/test1.local\/ru\/?page_id=22"},"modified":"2023-04-19T08:55:58","modified_gmt":"2023-04-19T08:55:58","slug":"stellenangebote","status":"publish","type":"page","link":"https:\/\/mobile-pflege-24.de\/de\/stellenangebote","title":{"rendered":"Stellenangebote"},"content":{"rendered":"<h2>1. Pflegehilfskraft<\/h2>\n<p>Wir suchen ab sofort eine Pflegehilfskraft (m\/w\/d) in D\u00fcsseldorf. Unbefristete Anstellung in Vollzeit, Teilzeit oder als Minijob. Gerne auch motivierte QuereinsteigerIn.<\/p>\n<ul>\n<li>Standort: Oberbilk<\/li>\n<li>Einsatzort: Flingern bis D\u00fcsseldorf S\u00fcd<\/li>\n<\/ul>\n<h3>Das bieten wir Ihnen:<\/h3>\n<ul>\n<li>attraktive Verg\u00fctung nach Tarif<\/li>\n<li>29 Urlaubstage bei einer 5-Tage-Woche, 34 Urlaubstage bei einer 6-Tage-Woche<\/li>\n<li>Dienstwagen f\u00fcr die Erledigung der Touren (F\u00fchrerschein Klasse B zwingend erforderlich)<\/li>\n<li>Fort- und Weiterbildungen<\/li>\n<li>B\u00fcror\u00e4ume mit Pausenraum und K\u00fcche<\/li>\n<li>tolles Team und flache Hierarchie<\/li>\n<li>regelm\u00e4\u00dfige Mitarbeitergespr\u00e4che<\/li>\n<\/ul>\n<h2>2. Pfleger\/Pflegerinnen<\/h2>\n<p>Au\u00dferdem suchen wir zur Verst\u00e4rkung unseres Teams Mitarbeiter in Voll-, Teilzeit oder auf <nobr>520 \u20ac<\/nobr> Minijob mit der Berufsbezeichung:<\/p>\n<ul id=\"job\">\n<li>Krankenschwester\/-pfleger mit staatl. Examen<\/li>\n<li>Altenpfleger\/-in mit staatl. Examen<\/li>\n<li>Krankenpflegehelfer\/-in mit staatl. Examen<\/li>\n<li>Arzthelfer\/-in<\/li>\n<\/ul>\n<h3>Ihre Aufgaben:<\/h3>\n<ul>\n<li>Pflege und Betreuung der Patienten im h\u00e4uslichen Umfeld<\/li>\n<li>selbstst\u00e4ndige und eigenverantwortliche Durchf\u00fchrung s\u00e4mtlicher Ma\u00dfnahmen der Grund- und Behandlungspflege<\/li>\n<li>Erstellen von Pflegedokumentationen<\/li>\n<\/ul>\n<h3>Was Sie mitbringen:<\/h3>\n<ul>\n<li>abgeschlossene Berufsausbildung<\/li>\n<li>F\u00fchrerschein Klasse B<\/li>\n<li>eigenverantwortliches, selbst\u00e4ndiges und patientenorientiertes Arbeiten<\/li>\n<li>Einf\u00fchlungsverm\u00f6gen<\/li>\n<li>Flexibilit\u00e4t<\/li>\n<li>Russischkenntnisse + Berufserfahrung w\u00fcnschenswert<\/li>\n<\/ul>\n<h3>Wir bieten Ihnen:<\/h3>\n<ul>\n<li>Voll-, Teilzeitanstellung, <nobr>520 \u20ac<\/nobr> Minijob<\/li>\n<li>neue Herausforderungen und stetig wachsende Berufserfahrung<\/li>\n<li>unbefristeter Arbeitsvertrag<\/li>\n<li>ein nettes Team, das die Mitarbeiter wertsch\u00e4tzt und Ihre Entwicklung f\u00f6rdert<\/li>\n<li>gezielte, individuelle Einarbeitung<\/li>\n<li>zahlreiche Fort- und Weiterbildungsm\u00f6glichkeiten.<\/li>\n<\/ul>\n<p>Wenn Sie Interesse haben uns zu unterst\u00fctzen, melden Sie sich bitte telefonisch unter\u00a0<span class=\"nobr\">0211 \/ 710 69 72<\/span>\u00a0oder schicken Ihre schriftlichen Bewerbungsunterlagen an<\/p>\n<p>Mobile Pflege 24<br \/>\nz. Hd.: Herr Michael Lakir<br \/>\nIm Liefeld 14<br \/>\n40227 D\u00fcsseldorf<\/p>\n<p>oder per Email an:\u00a0<a href=\"mailto:%6D%70%2D%32%34%40web.de\">mp-24@web.de<\/a><\/p>\n","protected":false},"excerpt":{"rendered":"<p>1. Pflegehilfskraft Wir suchen ab sofort eine Pflegehilfskraft (m\/w\/d) in D\u00fcsseldorf. Unbefristete Anstellung in Vollzeit, Teilzeit oder als Minijob. Gerne &hellip; <\/p>\n","protected":false},"author":2,"featured_media":0,"parent":0,"menu_order":0,"comment_status":"closed","ping_status":"closed","template":"","meta":{"footnotes":""},"class_list":["post-22","page","type-page","status-publish","hentry"],"yoast_head":"<!-- This site is optimized with the Yoast SEO plugin v20.6 - https:\/\/yoast.com\/wordpress\/plugins\/seo\/ -->\n<title>Stellenangebote - Mobile Pflege 24<\/title>\n<meta name=\"robots\" content=\"index, follow, max-snippet:-1, max-image-preview:large, max-video-preview:-1\" \/>\n<link rel=\"canonical\" href=\"https:\/\/mobile-pflege-24.de\/de\/stellenangebote\" \/>\n<meta property=\"og:locale\" content=\"de_DE\" \/>\n<meta property=\"og:type\" content=\"article\" \/>\n<meta property=\"og:title\" content=\"Stellenangebote\" \/>\n<meta property=\"og:description\" content=\"1. Pflegehilfskraft Wir suchen ab sofort eine Pflegehilfskraft (m\/w\/d) in D\u00fcsseldorf. Unbefristete Anstellung in Vollzeit, Teilzeit oder als Minijob. Gerne &hellip;\" \/>\n<meta property=\"og:url\" content=\"https:\/\/mobile-pflege-24.de\/de\/stellenangebote\" \/>\n<meta property=\"og:site_name\" content=\"Mobile Pflege 24\" \/>\n<meta property=\"article:publisher\" content=\"https:\/\/www.facebook.com\/MobilePflege24\/\" \/>\n<meta property=\"article:modified_time\" content=\"2023-04-19T08:55:58+00:00\" \/>\n<meta name=\"twitter:card\" content=\"summary_large_image\" \/>\n<meta name=\"twitter:label1\" content=\"Gesch\u00e4tzte Lesezeit\" \/>\n\t<meta name=\"twitter:data1\" content=\"2\u00a0Minuten\" \/>\n<script type=\"application\/ld+json\" class=\"yoast-schema-graph\">{\"@context\":\"https:\/\/schema.org\",\"@graph\":[{\"@type\":\"WebPage\",\"@id\":\"https:\/\/mobile-pflege-24.de\/de\/stellenangebote\",\"url\":\"https:\/\/mobile-pflege-24.de\/de\/stellenangebote\",\"name\":\"[:de]Stellenangebote[:ru]\u0412\u0430\u043a\u0430\u043d\u0441\u0438\u0438[:] - Mobile Pflege 24\",\"isPartOf\":{\"@id\":\"https:\/\/mobile-pflege-24.de\/de\/#website\"},\"datePublished\":\"2023-03-23T16:03:50+00:00\",\"dateModified\":\"2023-04-19T08:55:58+00:00\",\"breadcrumb\":{\"@id\":\"https:\/\/mobile-pflege-24.de\/de\/stellenangebote#breadcrumb\"},\"inLanguage\":\"de-DE\",\"potentialAction\":[{\"@type\":\"ReadAction\",\"target\":[\"https:\/\/mobile-pflege-24.de\/de\/stellenangebote\"]}]},{\"@type\":\"BreadcrumbList\",\"@id\":\"https:\/\/mobile-pflege-24.de\/de\/stellenangebote#breadcrumb\",\"itemListElement\":[{\"@type\":\"ListItem\",\"position\":1,\"name\":\"\u0413\u043b\u0430\u0432\u043d\u0430\u044f \u0441\u0442\u0440\u0430\u043d\u0438\u0446\u0430\",\"item\":\"https:\/\/mobile-pflege-24.de\/de\/\"},{\"@type\":\"ListItem\",\"position\":2,\"name\":\"Stellenangebote\"}]},{\"@type\":\"WebSite\",\"@id\":\"https:\/\/mobile-pflege-24.de\/de\/#website\",\"url\":\"https:\/\/mobile-pflege-24.de\/de\/\",\"name\":\"Mobile Pflege 24\",\"description\":\"\",\"publisher\":{\"@id\":\"https:\/\/mobile-pflege-24.de\/de\/#organization\"},\"potentialAction\":[{\"@type\":\"SearchAction\",\"target\":{\"@type\":\"EntryPoint\",\"urlTemplate\":\"https:\/\/mobile-pflege-24.de\/de\/?s={search_term_string}\"},\"query-input\":\"required name=search_term_string\"}],\"inLanguage\":\"de-DE\"},{\"@type\":\"Organization\",\"@id\":\"https:\/\/mobile-pflege-24.de\/de\/#organization\",\"name\":\"Mobile Pflege 24\",\"url\":\"https:\/\/mobile-pflege-24.de\/de\/\",\"logo\":{\"@type\":\"ImageObject\",\"inLanguage\":\"de-DE\",\"@id\":\"https:\/\/mobile-pflege-24.de\/de\/#\/schema\/logo\/image\/\",\"url\":\"https:\/\/mobile-pflege-24.de\/wp-content\/uploads\/2023\/03\/cropped-logo-mobile-pflege-24.jpg\",\"contentUrl\":\"https:\/\/mobile-pflege-24.de\/wp-content\/uploads\/2023\/03\/cropped-logo-mobile-pflege-24.jpg\",\"width\":357,\"height\":89,\"caption\":\"Mobile Pflege 24\"},\"image\":{\"@id\":\"https:\/\/mobile-pflege-24.de\/de\/#\/schema\/logo\/image\/\"},\"sameAs\":[\"https:\/\/www.facebook.com\/MobilePflege24\/\"]}]}<\/script>\n<!-- \/ Yoast SEO plugin. -->","yoast_head_json":{"title":"Stellenangebote - Mobile Pflege 24","robots":{"index":"index","follow":"follow","max-snippet":"max-snippet:-1","max-image-preview":"max-image-preview:large","max-video-preview":"max-video-preview:-1"},"canonical":"https:\/\/mobile-pflege-24.de\/de\/stellenangebote","og_locale":"de_DE","og_type":"article","og_title":"[:de]Stellenangebote[:ru]\u0412\u0430\u043a\u0430\u043d\u0441\u0438\u0438[:] - Mobile Pflege 24","og_description":"1. Pflegehilfskraft Wir suchen ab sofort eine Pflegehilfskraft (m\/w\/d) in D\u00fcsseldorf. Unbefristete Anstellung in Vollzeit, Teilzeit oder als Minijob. Gerne &hellip;","og_url":"https:\/\/mobile-pflege-24.de\/de\/stellenangebote","og_site_name":"Mobile Pflege 24","article_publisher":"https:\/\/www.facebook.com\/MobilePflege24\/","article_modified_time":"2023-04-19T08:55:58+00:00","twitter_card":"summary_large_image","twitter_misc":{"Gesch\u00e4tzte Lesezeit":"2\u00a0Minuten"},"schema":{"@context":"https:\/\/schema.org","@graph":[{"@type":"WebPage","@id":"https:\/\/mobile-pflege-24.de\/de\/stellenangebote","url":"https:\/\/mobile-pflege-24.de\/de\/stellenangebote","name":"[:de]Stellenangebote[:ru]\u0412\u0430\u043a\u0430\u043d\u0441\u0438\u0438[:] - Mobile Pflege 24","isPartOf":{"@id":"https:\/\/mobile-pflege-24.de\/de\/#website"},"datePublished":"2023-03-23T16:03:50+00:00","dateModified":"2023-04-19T08:55:58+00:00","breadcrumb":{"@id":"https:\/\/mobile-pflege-24.de\/de\/stellenangebote#breadcrumb"},"inLanguage":"de-DE","potentialAction":[{"@type":"ReadAction","target":["https:\/\/mobile-pflege-24.de\/de\/stellenangebote"]}]},{"@type":"BreadcrumbList","@id":"https:\/\/mobile-pflege-24.de\/de\/stellenangebote#breadcrumb","itemListElement":[{"@type":"ListItem","position":1,"name":"\u0413\u043b\u0430\u0432\u043d\u0430\u044f \u0441\u0442\u0440\u0430\u043d\u0438\u0446\u0430","item":"https:\/\/mobile-pflege-24.de\/de\/"},{"@type":"ListItem","position":2,"name":"Stellenangebote"}]},{"@type":"WebSite","@id":"https:\/\/mobile-pflege-24.de\/de\/#website","url":"https:\/\/mobile-pflege-24.de\/de\/","name":"Mobile Pflege 24","description":"","publisher":{"@id":"https:\/\/mobile-pflege-24.de\/de\/#organization"},"potentialAction":[{"@type":"SearchAction","target":{"@type":"EntryPoint","urlTemplate":"https:\/\/mobile-pflege-24.de\/de\/?s={search_term_string}"},"query-input":"required name=search_term_string"}],"inLanguage":"de-DE"},{"@type":"Organization","@id":"https:\/\/mobile-pflege-24.de\/de\/#organization","name":"Mobile Pflege 24","url":"https:\/\/mobile-pflege-24.de\/de\/","logo":{"@type":"ImageObject","inLanguage":"de-DE","@id":"https:\/\/mobile-pflege-24.de\/de\/#\/schema\/logo\/image\/","url":"https:\/\/mobile-pflege-24.de\/wp-content\/uploads\/2023\/03\/cropped-logo-mobile-pflege-24.jpg","contentUrl":"https:\/\/mobile-pflege-24.de\/wp-content\/uploads\/2023\/03\/cropped-logo-mobile-pflege-24.jpg","width":357,"height":89,"caption":"Mobile Pflege 24"},"image":{"@id":"https:\/\/mobile-pflege-24.de\/de\/#\/schema\/logo\/image\/"},"sameAs":["https:\/\/www.facebook.com\/MobilePflege24\/"]}]}},"_links":{"self":[{"href":"https:\/\/mobile-pflege-24.de\/de\/wp-json\/wp\/v2\/pages\/22","targetHints":{"allow":["GET"]}}],"collection":[{"href":"https:\/\/mobile-pflege-24.de\/de\/wp-json\/wp\/v2\/pages"}],"about":[{"href":"https:\/\/mobile-pflege-24.de\/de\/wp-json\/wp\/v2\/types\/page"}],"author":[{"embeddable":true,"href":"https:\/\/mobile-pflege-24.de\/de\/wp-json\/wp\/v2\/users\/2"}],"replies":[{"embeddable":true,"href":"https:\/\/mobile-pflege-24.de\/de\/wp-json\/wp\/v2\/comments?post=22"}],"version-history":[{"count":5,"href":"https:\/\/mobile-pflege-24.de\/de\/wp-json\/wp\/v2\/pages\/22\/revisions"}],"predecessor-version":[{"id":112,"href":"https:\/\/mobile-pflege-24.de\/de\/wp-json\/wp\/v2\/pages\/22\/revisions\/112"}],"wp:attachment":[{"href":"https:\/\/mobile-pflege-24.de\/de\/wp-json\/wp\/v2\/media?parent=22"}],"curies":[{"name":"wp","href":"https:\/\/api.w.org\/{rel}","templated":true}]}}

<h2>1. Pflegehilfskraft</h2>
<p>Wir suchen ab sofort eine Pflegehilfskraft (m/w/d) in Düsseldorf. Unbefristete Anstellung in Vollzeit, Teilzeit oder als Minijob. Gerne auch motivierte QuereinsteigerIn.</p>
<ul>
<li>Standort: Oberbilk</li>
<li>Einsatzort: Flingern bis Düsseldorf Süd</li>
</ul>
<h3>Das bieten wir Ihnen:</h3>
<ul>
<li>attraktive Vergütung nach Tarif</li>
<li>29 Urlaubstage bei einer 5-Tage-Woche, 34 Urlaubstage bei einer 6-Tage-Woche</li>
<li>Dienstwagen für die Erledigung der Touren (Führerschein Klasse B zwingend erforderlich)</li>
<li>Fort- und Weiterbildungen</li>
<li>Büroräume mit Pausenraum und Küche</li>
<li>tolles Team und flache Hierarchie</li>
<li>regelmäßige Mitarbeitergespräche</li>
</ul>
<h2>2. Pfleger/Pflegerinnen</h2>
<p>Außerdem suchen wir zur Verstärkung unseres Teams Mitarbeiter in Voll-, Teilzeit oder auf <nobr>520 €</nobr> Minijob mit der Berufsbezeichung:</p>
<ul id="job">
<li>Krankenschwester/-pfleger mit staatl. Examen</li>
<li>Altenpfleger/-in mit staatl. Examen</li>
<li>Krankenpflegehelfer/-in mit staatl. Examen</li>
<li>Arzthelfer/-in</li>
</ul>
<h3>Ihre Aufgaben:</h3>
<ul>
<li>Pflege und Betreuung der Patienten im häuslichen Umfeld</li>
<li>selbstständige und eigenverantwortliche Durchführung sämtlicher Maßnahmen der Grund- und Behandlungspflege</li>
<li>Erstellen von Pflegedokumentationen</li>
</ul>
<h3>Was Sie mitbringen:</h3>
<ul>
<li>abgeschlossene Berufsausbildung</li>
<li>Führerschein Klasse B</li>
<li>eigenverantwortliches, selbständiges und patientenorientiertes Arbeiten</li>
<li>Einfühlungsvermögen</li>
<li>Flexibilität</li>
<li>Russischkenntnisse + Berufserfahrung wünschenswert</li>
</ul>
<h3>Wir bieten Ihnen:</h3>
<ul>
<li>Voll-, Teilzeitanstellung, <nobr>520 €</nobr> Minijob</li>
<li>neue Herausforderungen und stetig wachsende Berufserfahrung</li>
<li>unbefristeter Arbeitsvertrag</li>
<li>ein nettes Team, das die Mitarbeiter wertschätzt und Ihre Entwicklung fördert</li>
<li>gezielte, individuelle Einarbeitung</li>
<li>zahlreiche Fort- und Weiterbildungsmöglichkeiten.</li>
</ul>
<p>Wenn Sie Interesse haben uns zu unterstützen, melden Sie sich bitte telefonisch unter <span class="nobr">0211 / 710 69 72</span> oder schicken Ihre schriftlichen Bewerbungsunterlagen an</p>
<p>Mobile Pflege 24<br />
z. Hd.: Herr Michael Lakir<br />
Im Liefeld 14<br />
40227 Düsseldorf</p>
<p>oder per Email an: <a href="mailto:%6D%70%2D%32%34%40web.de">mp-24@web.de</a></p>

<p>1. Pflegehilfskraft Wir suchen ab sofort eine Pflegehilfskraft (m/w/d) in Düsseldorf. Unbefristete Anstellung in Vollzeit, Teilzeit oder als Minijob. Gerne &hellip; </p>

<!-- This site is optimized with the Yoast SEO plugin v20.6 - https://yoast.com/wordpress/plugins/seo/ -->
<title>Stellenangebote - Mobile Pflege 24</title>
<meta name="robots" content="index, follow, max-snippet:-1, max-image-preview:large, max-video-preview:-1" />
<link rel="canonical" href="https://mobile-pflege-24.de/de/stellenangebote" />
<meta property="og:locale" content="de_DE" />
<meta property="og:type" content="article" />
<meta property="og:title" content="Stellenangebote" />
<meta property="og:description" content="1. Pflegehilfskraft Wir suchen ab sofort eine Pflegehilfskraft (m/w/d) in Düsseldorf. Unbefristete Anstellung in Vollzeit, Teilzeit oder als Minijob. Gerne &hellip;" />
<meta property="og:url" content="https://mobile-pflege-24.de/de/stellenangebote" />
<meta property="og:site_name" content="Mobile Pflege 24" />
<meta property="article:publisher" content="https://www.facebook.com/MobilePflege24/" />
<meta property="article:modified_time" content="2023-04-19T08:55:58+00:00" />
<meta name="twitter:card" content="summary_large_image" />
<meta name="twitter:label1" content="Geschätzte Lesezeit" />
	<meta name="twitter:data1" content="2 Minuten" />
<script type="application/ld+json" class="yoast-schema-graph">{"@context":"https://schema.org","@graph":[{"@type":"WebPage","@id":"https://mobile-pflege-24.de/de/stellenangebote","url":"https://mobile-pflege-24.de/de/stellenangebote","name":"[:de]Stellenangebote[:ru]Вакансии[:] - Mobile Pflege 24","isPartOf":{"@id":"https://mobile-pflege-24.de/de/#website"},"datePublished":"2023-03-23T16:03:50+00:00","dateModified":"2023-04-19T08:55:58+00:00","breadcrumb":{"@id":"https://mobile-pflege-24.de/de/stellenangebote#breadcrumb"},"inLanguage":"de-DE","potentialAction":[{"@type":"ReadAction","target":["https://mobile-pflege-24.de/de/stellenangebote"]}]},{"@type":"BreadcrumbList","@id":"https://mobile-pflege-24.de/de/stellenangebote#breadcrumb","itemListElement":[{"@type":"ListItem","position":1,"name":"Главная страница","item":"https://mobile-pflege-24.de/de/"},{"@type":"ListItem","position":2,"name":"Stellenangebote"}]},{"@type":"WebSite","@id":"https://mobile-pflege-24.de/de/#website","url":"https://mobile-pflege-24.de/de/","name":"Mobile Pflege 24","description":"","publisher":{"@id":"https://mobile-pflege-24.de/de/#organization"},"potentialAction":[{"@type":"SearchAction","target":{"@type":"EntryPoint","urlTemplate":"https://mobile-pflege-24.de/de/?s={search_term_string}"},"query-input":"required name=search_term_string"}],"inLanguage":"de-DE"},{"@type":"Organization","@id":"https://mobile-pflege-24.de/de/#organization","name":"Mobile Pflege 24","url":"https://mobile-pflege-24.de/de/","logo":{"@type":"ImageObject","inLanguage":"de-DE","@id":"https://mobile-pflege-24.de/de/#/schema/logo/image/","url":"https://mobile-pflege-24.de/wp-content/uploads/2023/03/cropped-logo-mobile-pflege-24.jpg","contentUrl":"https://mobile-pflege-24.de/wp-content/uploads/2023/03/cropped-logo-mobile-pflege-24.jpg","width":357,"height":89,"caption":"Mobile Pflege 24"},"image":{"@id":"https://mobile-pflege-24.de/de/#/schema/logo/image/"},"sameAs":["https://www.facebook.com/MobilePflege24/"]}]}</script>
<!-- / Yoast SEO plugin. -->

[:de]Stellenangebote[:ru]Вакансии[:] - Mobile Pflege 24

1. Pflegehilfskraft Wir suchen ab sofort eine Pflegehilfskraft (m/w/d) in Düsseldorf. Unbefristete Anstellung in Vollzeit, Teilzeit oder als Minijob. Gerne &hellip;

Главная страница
