{"id":62,"date":"2023-04-01T08:54:22","date_gmt":"2023-04-01T08:54:22","guid":{"rendered":"https:\/\/mobile-pflege-24.de\/de\/?page_id=62"},"modified":"2023-04-01T09:06:28","modified_gmt":"2023-04-01T09:06:28","slug":"impressum","status":"publish","type":"page","link":"https:\/\/mobile-pflege-24.de\/ru\/impressum","title":{"rendered":"Impressum"},"content":{"rendered":"<div id=\"impressum_contact_box\" class=\"vcard\">\n<div class=\"org\">\n<h1><span style=\"font-size: 16px;\">Pflegedienst Mobile Pflege 24<\/span><\/h1>\n<div id=\"impressum_contact_box\" class=\"vcard\">\n<div class=\"org\">Lakir, Junge, Knopp GbR<\/div>\n<div class=\"adr\">\n<div class=\"street-address\">Im Liefeld 14<\/div>\n<p><span class=\"postal-code\">40227<\/span>\u00a0<span class=\"locality\">D\u00fcsseldorf<\/span><\/p>\n<\/div>\n<div><span class=\"tel phone\">0211 \/ 71 069 72<\/span>Telefon:<br \/>\n<span class=\"tel phone\">0211 \/ 71 069 88<\/span>Fax:<\/div>\n<\/div>\n<div class=\"gopa\"><a href=\"mailto:%6D%70%2D%32%34%40web.de\">mp-24@web.de<\/a>Email:<\/div>\n<div>Inhaltlich Verantwortlicher: Michael Lakir<\/div>\n<p><b>zust\u00e4ndige Aufsichtsbeh\u00f6rde:<\/b><\/p>\n<p>Gesundheitsamt D\u00fcsseldorf<br \/>\nK\u00f6lner Str. 180<br \/>\n40227 D\u00fcsseldorf<\/p>\n<p><a title=\"zum Gesundheitsamt D\u00fcsseldorf\" href=\"https:\/\/www.duesseldorf.de\/gesundheitsamt\/\" target=\"_blank\" rel=\"noopener\">www.duesseldorf.de\/gesundheitsamt<\/a><\/p>\n<h2>1. Haftungsbeschr\u00e4nkung<\/h2>\n<p>Die Inhalte dieser Website werden mit gr\u00f6\u00dftm\u00f6glicher Sorgfalt erstellt. Der Anbieter \u00fcbernimmt jedoch keine Gew\u00e4hr f\u00fcr die Richtigkeit, Vollst\u00e4ndigkeit und Aktualit\u00e4t der bereitgestellten Inhalte. Die Nutzung der Inhalte der Website erfolgt auf eigene Gefahr des Nutzers. Namentlich gekennzeichnete Beitr\u00e4ge geben die Meinung des jeweiligen Autors und nicht immer die Meinung des Anbieters wieder. Mit der reinen Nutzung der Website des Anbieters kommt keinerlei Vertragsverh\u00e4ltnis zwischen dem Nutzer und dem Anbieter zustande.<\/p>\n<h2>2. Externe Links<\/h2>\n<p>Diese Website enth\u00e4lt Verkn\u00fcpfungen zu Websites Dritter (\u201eexterne Links\u201c). Diese Websites unterliegen der Haftung der jeweiligen Betreiber. Der Anbieter hat bei der erstmaligen Verkn\u00fcpfung der externen Links die fremden Inhalte daraufhin \u00fcberpr\u00fcft, ob etwaige Rechtsverst\u00f6\u00dfe bestehen. Zu dem Zeitpunkt waren keine Rechtsverst\u00f6\u00dfe ersichtlich. Der Anbieter hat keinerlei Einfluss auf die aktuelle und zuk\u00fcnftige Gestaltung und auf die Inhalte der verkn\u00fcpften Seiten. Das Setzen von externen Links bedeutet nicht, dass sich der Anbieter die hinter dem Verweis oder Link liegenden Inhalte zu Eigen macht. Eine st\u00e4ndige Kontrolle dieser externen Links ist f\u00fcr den Anbieter ohne konkrete Hinweise auf Rechtsverst\u00f6\u00dfe nicht zumutbar. Bei Kenntnis von Rechtsverst\u00f6\u00dfen werden jedoch derartige externe Links unverz\u00fcglich gel\u00f6scht.<\/p>\n<h2>3. Urheber- und Leistungsschutzrechte<\/h2>\n<p>Die auf dieser Website ver\u00f6ffentlichten Inhalte unterliegen dem deutschen Urheber- und Leistungsschutzrecht. Jede vom deutschen Urheber- und Leistungsschutzrecht nicht zugelassene Verwertung bedarf der vorherigen schriftlichen Zustimmung des Anbieters oder jeweiligen Rechteinhabers. Dies gilt insbesondere f\u00fcr Vervielf\u00e4ltigung, Bearbeitung, \u00dcbersetzung, Einspeicherung, Verarbeitung bzw. Wiedergabe von Inhalten in Datenbanken oder anderen elektronischen Medien und Systemen. Inhalte und Rechte Dritter sind dabei als solche gekennzeichnet. Die unerlaubte Vervielf\u00e4ltigung oder Weitergabe einzelner Inhalte oder kompletter Seiten ist nicht gestattet und strafbar. Lediglich die Herstellung von Kopien und Downloads f\u00fcr den pers\u00f6nlichen, privaten und nicht kommerziellen Gebrauch ist erlaubt. Die Darstellung dieser Website in fremden Frames ist nur mit schriftlicher Erlaubnis zul\u00e4ssig.<\/p>\n<p>Diese Webseite verwendet rechtlich gesch\u00fctzte Bilder von www.clipdealer.de: YuriArcurs<\/p>\n<h2>4. Besondere Nutzungsbedingungen<\/h2>\n<p>Soweit besondere Bedingungen f\u00fcr einzelne Nutzungen dieser Website von den vorgenannten Nummern 1. bis 3. abweichen, wird an entsprechender Stelle ausdr\u00fccklich darauf hingewiesen. In diesem Falle gelten im jeweiligen Einzelfall die besonderen Nutzungsbedingungen.<\/p>\n<\/div>\n<\/div>\n","protected":false},"excerpt":{"rendered":"<p>Pflegedienst Mobile Pflege 24 Lakir, Junge, Knopp GbR Im Liefeld 14 40227\u00a0D\u00fcsseldorf 0211 \/ 71 069 72Telefon: 0211 \/ 71 &hellip; <\/p>\n","protected":false},"author":1,"featured_media":0,"parent":0,"menu_order":0,"comment_status":"closed","ping_status":"closed","template":"","meta":{"footnotes":""},"class_list":["post-62","page","type-page","status-publish","hentry"],"yoast_head":"<!-- This site is optimized with the Yoast SEO plugin v20.6 - https:\/\/yoast.com\/wordpress\/plugins\/seo\/ -->\n<title>Impressum - Mobile Pflege 24<\/title>\n<meta name=\"robots\" content=\"index, follow, max-snippet:-1, max-image-preview:large, max-video-preview:-1\" \/>\n<link rel=\"canonical\" href=\"https:\/\/mobile-pflege-24.de\/de\/impressum\" \/>\n<meta property=\"og:locale\" content=\"ru_RU\" \/>\n<meta property=\"og:type\" content=\"article\" \/>\n<meta property=\"og:title\" content=\"Impressum\" \/>\n<meta property=\"og:description\" content=\"Pflegedienst Mobile Pflege 24 Lakir, Junge, Knopp GbR Im Liefeld 14 40227\u00a0D\u00fcsseldorf 0211 \/ 71 069 72Telefon: 0211 \/ 71 &hellip;\" \/>\n<meta property=\"og:url\" content=\"https:\/\/mobile-pflege-24.de\/de\/impressum\" \/>\n<meta property=\"og:site_name\" content=\"Mobile Pflege 24\" \/>\n<meta property=\"article:publisher\" content=\"https:\/\/www.facebook.com\/MobilePflege24\/\" \/>\n<meta property=\"article:modified_time\" content=\"2023-04-01T09:06:28+00:00\" \/>\n<meta name=\"twitter:card\" content=\"summary_large_image\" \/>\n<meta name=\"twitter:label1\" content=\"\u041f\u0440\u0438\u043c\u0435\u0440\u043d\u043e\u0435 \u0432\u0440\u0435\u043c\u044f \u0434\u043b\u044f \u0447\u0442\u0435\u043d\u0438\u044f\" \/>\n\t<meta name=\"twitter:data1\" content=\"4 \u043c\u0438\u043d\u0443\u0442\u044b\" \/>\n<script type=\"application\/ld+json\" class=\"yoast-schema-graph\">{\"@context\":\"https:\/\/schema.org\",\"@graph\":[{\"@type\":\"WebPage\",\"@id\":\"https:\/\/mobile-pflege-24.de\/de\/impressum\",\"url\":\"https:\/\/mobile-pflege-24.de\/de\/impressum\",\"name\":\"[:de]Impressum[:ru]Impressum[:] - Mobile Pflege 24\",\"isPartOf\":{\"@id\":\"https:\/\/mobile-pflege-24.de\/de\/#website\"},\"datePublished\":\"2023-04-01T08:54:22+00:00\",\"dateModified\":\"2023-04-01T09:06:28+00:00\",\"breadcrumb\":{\"@id\":\"https:\/\/mobile-pflege-24.de\/de\/impressum#breadcrumb\"},\"inLanguage\":\"ru-RU\",\"potentialAction\":[{\"@type\":\"ReadAction\",\"target\":[\"https:\/\/mobile-pflege-24.de\/de\/impressum\"]}]},{\"@type\":\"BreadcrumbList\",\"@id\":\"https:\/\/mobile-pflege-24.de\/de\/impressum#breadcrumb\",\"itemListElement\":[{\"@type\":\"ListItem\",\"position\":1,\"name\":\"\u0413\u043b\u0430\u0432\u043d\u0430\u044f \u0441\u0442\u0440\u0430\u043d\u0438\u0446\u0430\",\"item\":\"https:\/\/mobile-pflege-24.de\/de\/\"},{\"@type\":\"ListItem\",\"position\":2,\"name\":\"Impressum\"}]},{\"@type\":\"WebSite\",\"@id\":\"https:\/\/mobile-pflege-24.de\/de\/#website\",\"url\":\"https:\/\/mobile-pflege-24.de\/de\/\",\"name\":\"Mobile Pflege 24\",\"description\":\"\",\"publisher\":{\"@id\":\"https:\/\/mobile-pflege-24.de\/de\/#organization\"},\"potentialAction\":[{\"@type\":\"SearchAction\",\"target\":{\"@type\":\"EntryPoint\",\"urlTemplate\":\"https:\/\/mobile-pflege-24.de\/de\/?s={search_term_string}\"},\"query-input\":\"required name=search_term_string\"}],\"inLanguage\":\"ru-RU\"},{\"@type\":\"Organization\",\"@id\":\"https:\/\/mobile-pflege-24.de\/de\/#organization\",\"name\":\"Mobile Pflege 24\",\"url\":\"https:\/\/mobile-pflege-24.de\/de\/\",\"logo\":{\"@type\":\"ImageObject\",\"inLanguage\":\"ru-RU\",\"@id\":\"https:\/\/mobile-pflege-24.de\/de\/#\/schema\/logo\/image\/\",\"url\":\"https:\/\/mobile-pflege-24.de\/wp-content\/uploads\/2023\/03\/cropped-logo-mobile-pflege-24.jpg\",\"contentUrl\":\"https:\/\/mobile-pflege-24.de\/wp-content\/uploads\/2023\/03\/cropped-logo-mobile-pflege-24.jpg\",\"width\":357,\"height\":89,\"caption\":\"Mobile Pflege 24\"},\"image\":{\"@id\":\"https:\/\/mobile-pflege-24.de\/de\/#\/schema\/logo\/image\/\"},\"sameAs\":[\"https:\/\/www.facebook.com\/MobilePflege24\/\"]}]}<\/script>\n<!-- \/ Yoast SEO plugin. -->","yoast_head_json":{"title":"Impressum - Mobile Pflege 24","robots":{"index":"index","follow":"follow","max-snippet":"max-snippet:-1","max-image-preview":"max-image-preview:large","max-video-preview":"max-video-preview:-1"},"canonical":"https:\/\/mobile-pflege-24.de\/de\/impressum","og_locale":"ru_RU","og_type":"article","og_title":"[:de]Impressum[:ru]Impressum[:] - Mobile Pflege 24","og_description":"Pflegedienst Mobile Pflege 24 Lakir, Junge, Knopp GbR Im Liefeld 14 40227\u00a0D\u00fcsseldorf 0211 \/ 71 069 72Telefon: 0211 \/ 71 &hellip;","og_url":"https:\/\/mobile-pflege-24.de\/de\/impressum","og_site_name":"Mobile Pflege 24","article_publisher":"https:\/\/www.facebook.com\/MobilePflege24\/","article_modified_time":"2023-04-01T09:06:28+00:00","twitter_card":"summary_large_image","twitter_misc":{"\u041f\u0440\u0438\u043c\u0435\u0440\u043d\u043e\u0435 \u0432\u0440\u0435\u043c\u044f \u0434\u043b\u044f \u0447\u0442\u0435\u043d\u0438\u044f":"4 \u043c\u0438\u043d\u0443\u0442\u044b"},"schema":{"@context":"https:\/\/schema.org","@graph":[{"@type":"WebPage","@id":"https:\/\/mobile-pflege-24.de\/de\/impressum","url":"https:\/\/mobile-pflege-24.de\/de\/impressum","name":"[:de]Impressum[:ru]Impressum[:] - Mobile Pflege 24","isPartOf":{"@id":"https:\/\/mobile-pflege-24.de\/de\/#website"},"datePublished":"2023-04-01T08:54:22+00:00","dateModified":"2023-04-01T09:06:28+00:00","breadcrumb":{"@id":"https:\/\/mobile-pflege-24.de\/de\/impressum#breadcrumb"},"inLanguage":"ru-RU","potentialAction":[{"@type":"ReadAction","target":["https:\/\/mobile-pflege-24.de\/de\/impressum"]}]},{"@type":"BreadcrumbList","@id":"https:\/\/mobile-pflege-24.de\/de\/impressum#breadcrumb","itemListElement":[{"@type":"ListItem","position":1,"name":"\u0413\u043b\u0430\u0432\u043d\u0430\u044f \u0441\u0442\u0440\u0430\u043d\u0438\u0446\u0430","item":"https:\/\/mobile-pflege-24.de\/de\/"},{"@type":"ListItem","position":2,"name":"Impressum"}]},{"@type":"WebSite","@id":"https:\/\/mobile-pflege-24.de\/de\/#website","url":"https:\/\/mobile-pflege-24.de\/de\/","name":"Mobile Pflege 24","description":"","publisher":{"@id":"https:\/\/mobile-pflege-24.de\/de\/#organization"},"potentialAction":[{"@type":"SearchAction","target":{"@type":"EntryPoint","urlTemplate":"https:\/\/mobile-pflege-24.de\/de\/?s={search_term_string}"},"query-input":"required name=search_term_string"}],"inLanguage":"ru-RU"},{"@type":"Organization","@id":"https:\/\/mobile-pflege-24.de\/de\/#organization","name":"Mobile Pflege 24","url":"https:\/\/mobile-pflege-24.de\/de\/","logo":{"@type":"ImageObject","inLanguage":"ru-RU","@id":"https:\/\/mobile-pflege-24.de\/de\/#\/schema\/logo\/image\/","url":"https:\/\/mobile-pflege-24.de\/wp-content\/uploads\/2023\/03\/cropped-logo-mobile-pflege-24.jpg","contentUrl":"https:\/\/mobile-pflege-24.de\/wp-content\/uploads\/2023\/03\/cropped-logo-mobile-pflege-24.jpg","width":357,"height":89,"caption":"Mobile Pflege 24"},"image":{"@id":"https:\/\/mobile-pflege-24.de\/de\/#\/schema\/logo\/image\/"},"sameAs":["https:\/\/www.facebook.com\/MobilePflege24\/"]}]}},"_links":{"self":[{"href":"https:\/\/mobile-pflege-24.de\/ru\/wp-json\/wp\/v2\/pages\/62","targetHints":{"allow":["GET"]}}],"collection":[{"href":"https:\/\/mobile-pflege-24.de\/ru\/wp-json\/wp\/v2\/pages"}],"about":[{"href":"https:\/\/mobile-pflege-24.de\/ru\/wp-json\/wp\/v2\/types\/page"}],"author":[{"embeddable":true,"href":"https:\/\/mobile-pflege-24.de\/ru\/wp-json\/wp\/v2\/users\/1"}],"replies":[{"embeddable":true,"href":"https:\/\/mobile-pflege-24.de\/ru\/wp-json\/wp\/v2\/comments?post=62"}],"version-history":[{"count":4,"href":"https:\/\/mobile-pflege-24.de\/ru\/wp-json\/wp\/v2\/pages\/62\/revisions"}],"predecessor-version":[{"id":72,"href":"https:\/\/mobile-pflege-24.de\/ru\/wp-json\/wp\/v2\/pages\/62\/revisions\/72"}],"wp:attachment":[{"href":"https:\/\/mobile-pflege-24.de\/ru\/wp-json\/wp\/v2\/media?parent=62"}],"curies":[{"name":"wp","href":"https:\/\/api.w.org\/{rel}","templated":true}]}}

<div id="impressum_contact_box" class="vcard">
<div class="org">
<h1><span style="font-size: 16px;">Pflegedienst Mobile Pflege 24</span></h1>
<div id="impressum_contact_box" class="vcard">
<div class="org">Lakir, Junge, Knopp GbR</div>
<div class="adr">
<div class="street-address">Im Liefeld 14</div>
<p><span class="postal-code">40227</span> <span class="locality">Düsseldorf</span></p>
</div>
<div><span class="tel phone">0211 / 71 069 72</span>Telefon:<br />
<span class="tel phone">0211 / 71 069 88</span>Fax:</div>
</div>
<div class="gopa"><a href="mailto:%6D%70%2D%32%34%40web.de">mp-24@web.de</a>Email:</div>
<div>Inhaltlich Verantwortlicher: Michael Lakir</div>
<p><b>zuständige Aufsichtsbehörde:</b></p>
<p>Gesundheitsamt Düsseldorf<br />
Kölner Str. 180<br />
40227 Düsseldorf</p>
<p><a title="zum Gesundheitsamt Düsseldorf" href="https://www.duesseldorf.de/gesundheitsamt/" target="_blank" rel="noopener">www.duesseldorf.de/gesundheitsamt</a></p>
<h2>1. Haftungsbeschränkung</h2>
<p>Die Inhalte dieser Website werden mit größtmöglicher Sorgfalt erstellt. Der Anbieter übernimmt jedoch keine Gewähr für die Richtigkeit, Vollständigkeit und Aktualität der bereitgestellten Inhalte. Die Nutzung der Inhalte der Website erfolgt auf eigene Gefahr des Nutzers. Namentlich gekennzeichnete Beiträge geben die Meinung des jeweiligen Autors und nicht immer die Meinung des Anbieters wieder. Mit der reinen Nutzung der Website des Anbieters kommt keinerlei Vertragsverhältnis zwischen dem Nutzer und dem Anbieter zustande.</p>
<h2>2. Externe Links</h2>
<p>Diese Website enthält Verknüpfungen zu Websites Dritter („externe Links“). Diese Websites unterliegen der Haftung der jeweiligen Betreiber. Der Anbieter hat bei der erstmaligen Verknüpfung der externen Links die fremden Inhalte daraufhin überprüft, ob etwaige Rechtsverstöße bestehen. Zu dem Zeitpunkt waren keine Rechtsverstöße ersichtlich. Der Anbieter hat keinerlei Einfluss auf die aktuelle und zukünftige Gestaltung und auf die Inhalte der verknüpften Seiten. Das Setzen von externen Links bedeutet nicht, dass sich der Anbieter die hinter dem Verweis oder Link liegenden Inhalte zu Eigen macht. Eine ständige Kontrolle dieser externen Links ist für den Anbieter ohne konkrete Hinweise auf Rechtsverstöße nicht zumutbar. Bei Kenntnis von Rechtsverstößen werden jedoch derartige externe Links unverzüglich gelöscht.</p>
<h2>3. Urheber- und Leistungsschutzrechte</h2>
<p>Die auf dieser Website veröffentlichten Inhalte unterliegen dem deutschen Urheber- und Leistungsschutzrecht. Jede vom deutschen Urheber- und Leistungsschutzrecht nicht zugelassene Verwertung bedarf der vorherigen schriftlichen Zustimmung des Anbieters oder jeweiligen Rechteinhabers. Dies gilt insbesondere für Vervielfältigung, Bearbeitung, Übersetzung, Einspeicherung, Verarbeitung bzw. Wiedergabe von Inhalten in Datenbanken oder anderen elektronischen Medien und Systemen. Inhalte und Rechte Dritter sind dabei als solche gekennzeichnet. Die unerlaubte Vervielfältigung oder Weitergabe einzelner Inhalte oder kompletter Seiten ist nicht gestattet und strafbar. Lediglich die Herstellung von Kopien und Downloads für den persönlichen, privaten und nicht kommerziellen Gebrauch ist erlaubt. Die Darstellung dieser Website in fremden Frames ist nur mit schriftlicher Erlaubnis zulässig.</p>
<p>Diese Webseite verwendet rechtlich geschützte Bilder von www.clipdealer.de: YuriArcurs</p>
<h2>4. Besondere Nutzungsbedingungen</h2>
<p>Soweit besondere Bedingungen für einzelne Nutzungen dieser Website von den vorgenannten Nummern 1. bis 3. abweichen, wird an entsprechender Stelle ausdrücklich darauf hingewiesen. In diesem Falle gelten im jeweiligen Einzelfall die besonderen Nutzungsbedingungen.</p>
</div>
</div>

<p>Pflegedienst Mobile Pflege 24 Lakir, Junge, Knopp GbR Im Liefeld 14 40227 Düsseldorf 0211 / 71 069 72Telefon: 0211 / 71 &hellip; </p>

<!-- This site is optimized with the Yoast SEO plugin v20.6 - https://yoast.com/wordpress/plugins/seo/ -->
<title>Impressum - Mobile Pflege 24</title>
<meta name="robots" content="index, follow, max-snippet:-1, max-image-preview:large, max-video-preview:-1" />
<link rel="canonical" href="https://mobile-pflege-24.de/de/impressum" />
<meta property="og:locale" content="ru_RU" />
<meta property="og:type" content="article" />
<meta property="og:title" content="Impressum" />
<meta property="og:description" content="Pflegedienst Mobile Pflege 24 Lakir, Junge, Knopp GbR Im Liefeld 14 40227 Düsseldorf 0211 / 71 069 72Telefon: 0211 / 71 &hellip;" />
<meta property="og:url" content="https://mobile-pflege-24.de/de/impressum" />
<meta property="og:site_name" content="Mobile Pflege 24" />
<meta property="article:publisher" content="https://www.facebook.com/MobilePflege24/" />
<meta property="article:modified_time" content="2023-04-01T09:06:28+00:00" />
<meta name="twitter:card" content="summary_large_image" />
<meta name="twitter:label1" content="Примерное время для чтения" />
	<meta name="twitter:data1" content="4 минуты" />
<script type="application/ld+json" class="yoast-schema-graph">{"@context":"https://schema.org","@graph":[{"@type":"WebPage","@id":"https://mobile-pflege-24.de/de/impressum","url":"https://mobile-pflege-24.de/de/impressum","name":"[:de]Impressum[:ru]Impressum[:] - Mobile Pflege 24","isPartOf":{"@id":"https://mobile-pflege-24.de/de/#website"},"datePublished":"2023-04-01T08:54:22+00:00","dateModified":"2023-04-01T09:06:28+00:00","breadcrumb":{"@id":"https://mobile-pflege-24.de/de/impressum#breadcrumb"},"inLanguage":"ru-RU","potentialAction":[{"@type":"ReadAction","target":["https://mobile-pflege-24.de/de/impressum"]}]},{"@type":"BreadcrumbList","@id":"https://mobile-pflege-24.de/de/impressum#breadcrumb","itemListElement":[{"@type":"ListItem","position":1,"name":"Главная страница","item":"https://mobile-pflege-24.de/de/"},{"@type":"ListItem","position":2,"name":"Impressum"}]},{"@type":"WebSite","@id":"https://mobile-pflege-24.de/de/#website","url":"https://mobile-pflege-24.de/de/","name":"Mobile Pflege 24","description":"","publisher":{"@id":"https://mobile-pflege-24.de/de/#organization"},"potentialAction":[{"@type":"SearchAction","target":{"@type":"EntryPoint","urlTemplate":"https://mobile-pflege-24.de/de/?s={search_term_string}"},"query-input":"required name=search_term_string"}],"inLanguage":"ru-RU"},{"@type":"Organization","@id":"https://mobile-pflege-24.de/de/#organization","name":"Mobile Pflege 24","url":"https://mobile-pflege-24.de/de/","logo":{"@type":"ImageObject","inLanguage":"ru-RU","@id":"https://mobile-pflege-24.de/de/#/schema/logo/image/","url":"https://mobile-pflege-24.de/wp-content/uploads/2023/03/cropped-logo-mobile-pflege-24.jpg","contentUrl":"https://mobile-pflege-24.de/wp-content/uploads/2023/03/cropped-logo-mobile-pflege-24.jpg","width":357,"height":89,"caption":"Mobile Pflege 24"},"image":{"@id":"https://mobile-pflege-24.de/de/#/schema/logo/image/"},"sameAs":["https://www.facebook.com/MobilePflege24/"]}]}</script>
<!-- / Yoast SEO plugin. -->

Pflegedienst Mobile Pflege 24 Lakir, Junge, Knopp GbR Im Liefeld 14 40227 Düsseldorf 0211 / 71 069 72Telefon: 0211 / 71 &hellip;

4 минуты

Главная страница
